composite?
True
Let k(l) = -2*l + 1016*l**2 - 3 + 247*l**2 + 2839*l**2 + 490*l**2. Suppose -2*b - 5*b = 7. Is k(b) a prime number?
True
Suppose 0 = -3*s - 15, -3*i = -6*i - 5*s + 335. Suppose -3*x = -5*f - 353, 0 = 2*x - 2*f - 118 - i. Suppose u - x = 198. Is u composite?
True
Let q(p) = -p**2 + 9*p + 2. Let x be q(9). Let t = -828 - -827. Is 7604/4 + 2 + t*x a composite number?
False
Let l(q) = q**2 + 5*q - 6. Let t be l(4). Let c be ((-1391)/(-39))/(2/t). Let d = c + 91. Is d a prime number?
False
Let b(k) be the third derivative of -k**5/60 - k**4/6 + 79*k**3/6 + k**2 + 22*k. Is b(0) a prime number?
True
Suppose 6*w = 64 + 332. Suppose -5*b = w - 1061. Is b composite?
False
Let z(p) = 0*p + 2271 - 3*p + 3868 - p + 11178. Is z(0) composite?
False
Suppose -t + 3 = 0, -2*o + 5 = -t - 8. Let c(j) = -77*j - 11. Let l be c(o). Let k = l - -1114. Is k composite?
False
Suppose -4 + 44 = -10*b. Let w(r) = 835*r**2 + 6*r + 31. Is w(b) a prime number?
True
Let s(v) be the second derivative of 17*v**4/12 + 3*v**3/2 + v**2/2 - 74*v. Is s(-15) a prime number?
True
Let q be (-6)/(1 + -7) + 6/3. Suppose 7*u = -2*r + q*u + 7746, -4*r + 15510 = -u. Is r a composite number?
False
Let h(c) = c**2 + c - 41. Let b be h(-7). Let v(o) = 1842*o**3 + o**2 - o + 1. Is v(b) a prime number?
False
Let p(q) = -241*q**3 - 29*q**2 - 16*q - 55. Is p(-9) a composite number?
False
Suppose -7*m = -4*m. Suppose m = -6*a + 4*a + 24. Let n(t) = -t**3 + 14*t**2 + 7*t + 5. Is n(a) prime?
False
Let s(k) = 5*k - 84. Let r be s(18). Is (-5362)/(-4)*(42/r - 5) prime?
False
Let f = -33565 + 76304. Is f a prime number?
False
Let w(g) = -49*g**3 - 18*g**2 - 60*g - 7. Is w(-6) composite?
False
Let d(n) = 2603*n - 46. Suppose 223*w + 24 = 231*w. Is d(w) prime?
False
Let t(x) = 646*x**2 - 8*x - 109. Is t(-7) a prime number?
True
Let k = 238 - 17. Suppose 212*x + 8001 = k*x. Is x composite?
True
Let h(t) = -2*t + 1. Suppose -2*x - 10 + 26 = 0. Let f(a) = 186*a - 30. Let v(p) = x*h(p) + f(p). Is v(6) a prime number?
False
Suppose -2*o = -0*o + 4*m + 8, 0 = -3*m - 12. Let j(l) = 11*l**3 + 6*l**2 - 2*l - 11. Is j(o) composite?
True
Suppose 5*w - 307167 = -n, -5*n - 76730 + 383905 = 5*w. Is w a prime number?
False
Is 1/(-14) - 322512500/(-1400) prime?
False
Suppose 10*j + 2*j = 254989 + 360695. Is j a composite number?
False
Suppose 14*j + 4*x - 105 = 9*j, -44 = -2*j - 2*x. Let d(m) = 3*m**3 + 3*m**2 + 18*m + 5. Is d(j) a composite number?
True
Let b(y) = -y**2 + 6*y + 5. Let s be b(-4). Let d = s - -38. Suppose -d*v + 1231 = v + 3*f, f = -5*v + 1536. Is v composite?
False
Suppose 175336 = 5*h + z, 0 = 3*h - 5*z - 30480 - 74716. Is h prime?
False
Let c = -25038 + 45865. Is c composite?
True
Suppose -4*p + 3*m = -621, 8*m - 4*m - 600 = -4*p. Is (-2)/(-9) + 361199/p a prime number?
False
Let y = 148 - 159. Let j(f) = 25*f**2 + 4*f - 28. Is j(y) prime?
True
Let j(p) = -346 + 2376*p**2 + 3988*p**2 - 6*p + 342. Let s be j(-1). Let z = s + -4345. Is z a composite number?
True
Let w(s) = 7413*s - 425. Is w(6) a prime number?
True
Is (5 + 36/(-3))*(-9753)/21 a composite number?
False
Suppose -9*b - 17689 = -r, -53003 = -62*r + 59*r - 5*b. Is r prime?
False
Let t(w) = 605*w + 2129. Is t(52) composite?
False
Suppose 4*z - 60 = -5*t, -2*t + 0*t = -5*z + 9. Suppose 0*i + t = -3*i + 4*b, -7 = -3*i + b. Is 34616/(-20)*(-10)/i + 0 a composite number?
False
Suppose -4*c - 1060 = b, 5*c - 465 = 3*b - 1790. Let k = 1536 + c. Suppose -264 = -5*l + k. Is l a composite number?
False
Suppose 2*x = 81*x + 2*x - 479277. Is x composite?
True
Suppose -2754*g + 124827767 = -2671*g. Is g a composite number?
True
Suppose -176 + 168 = -4*p, 5*p - 150990 = -4*z. Is z a composite number?
True
Suppose 0 = -2*x - 5*r + 4859, -5*x + 7*r - 2*r = -12200. Is x a prime number?
True
Let x be ((-4)/10)/(5 - 1806/360). Suppose d - 3*h = 23, 6*h - h - x = -4*d. Is d a composite number?
False
Let x(k) = 145*k**2 + 53*k - 105. Is x(-16) a prime number?
False
Is -1*(-17 + 548619)*(-2)/4 a prime number?
True
Let c(l) = -34*l + 41. Let q(w) = 69*w - 83. Let h(i) = 13*c(i) + 6*q(i). Let o = -162 + 154. Is h(o) composite?
True
Let h = -197808 + 342881. Is h a composite number?
True
Let m be 210/51 + 14/(-119). Suppose 15 = -3*u, 0 = 2*v + 3*v - m*u - 65335. Is v a composite number?
False
Let w(d) = -6*d**3 - 20*d**2 - 13*d + 30. Let u(r) = 7*r**3 + 21*r**2 + 14*r - 29. Let l(v) = 5*u(v) + 6*w(v). Is l(-18) prime?
True
Let m = -522603 - -740606. Is m a composite number?
False
Let t = 22872 - -83615. Is t composite?
False
Suppose 9*k - 3753 = 3*g, 4*g + 1260 = -0*k + 3*k. Let w be (-157)/((-2)/(-1 - 1)). Let b = k + w. Is b prime?
False
Let f be (1891 - 7)/((-4 + 3)/1). Let m = f + -1790. Let k = m + 8457. Is k a composite number?
False
Suppose 2*h - 4339645 = -41*h + 2299942. Is h a composite number?
False
Let f(x) = -147*x + 80. Let k(a) = -37*a + 20. Let u(t) = -2*f(t) + 9*k(t). Let y be u(-13). Suppose 2*s + l = 259, -2*l + y = 4*s - 3*l. Is s prime?
True
Suppose -5*z = 2*k - 2934303, 5*k - 7005697 = -2*z + 330134. Is k prime?
False
Let p(u) = -3*u**3 + 6*u**2 - 4*u + 3. Let o be 1*((-3 - -2 - -2) + 3). Let s be p(o). Is -2*s*(-4)/(-8) a composite number?
False
Suppose -2*n - n - 36 = 2*f, -f + 36 = -3*n. Is 2930 - 1/(4/n + 0) a prime number?
False
Suppose -102*n + 85*n = -170. Suppose -n*v + 131786 = 30456. Is v a composite number?
False
Let l = 118286 + -82603. Is l a composite number?
True
Suppose 6*n + 1103 = -1339. Let a = n + 830. Suppose 2453 = 4*r - a. Is r prime?
True
Suppose 16*o + 8853 = 1143685. Is o a prime number?
False
Let w(q) = -3*q**2 + 21*q + 38. Let i be w(12). Let p = i - -2007. Is p prime?
False
Is 17/34 - (-4785426)/36 a prime number?
True
Let h = -111677 + 78793. Let m = h + 48435. Is m prime?
True
Suppose 4057795 = -47*b + 52*b - 5*f, -4057789 = -5*b + 4*f. Is b composite?
False
Let i = -28698 - -45467. Is i a prime number?
False
Let s(o) = -495*o**3 - 7*o**2 - 8*o - 35. Is s(-3) composite?
False
Suppose 5808 = -13*n + 504. Let s = 1303 - n. Is s a composite number?
True
Let z be (-2)/3*11/((-44)/120). Suppose 4*t + 5*c = -t + z, 3*t - 2*c = 7. Suppose -t*d - 3*a + 3048 = -0*d, -d + 5*a = -986. Is d a prime number?
False
Let k(f) = 3083*f**2 - 3*f + 127. Is k(-9) a prime number?
False
Let n be (-1)/((-18)/27) + 1441/(-2). Let q = n + 3766. Is q prime?
False
Let o = 1970 + -419. Suppose -2*q + h + 5728 = 0, 2*h - o - 12787 = -5*q. Is q composite?
True
Let t(p) = 2678*p + 391. Is t(18) composite?
True
Suppose -15*y - 4*m = -20*y + 2834165, y + 4*m - 566833 = 0. Is y a prime number?
True
Let w(v) = 3*v**2 - 44*v + 55. Let g be w(31). Suppose 0 = -290*r + 292*r - g. Is r composite?
False
Suppose -k + 5*i = -0 + 3, -4*k + 4*i - 28 = 0. Is (-2)/(k/8860*-5*-1) a composite number?
False
Let n(l) = l**3 + l**2 - 5. Let o be n(-2). Is (1101*o/27)/(2/(-4)) a composite number?
True
Let y(l) = l**3 + 3*l**2 - 3*l + 3. Let n be y(3). Let k = 42 - n. Is ((-14)/(-63)*k)/((-2)/669) a prime number?
False
Is ((-14383061)/(-44))/(28/48) a prime number?
False
Let d = 787999 - 419922. Is d a composite number?
False
Let s = -78 + 46. Let f = -31 - s. Is 3192/15 - f/(-5) prime?
False
Let j be 15/(-3 + 0) - -9. Suppose 9179 = j*u + 5*b, -b = -4*b + 9. Is u a composite number?
True
Let n(k) = 57*k**3 - k**2 - 8*k - 99. Let g be n(-5). Let y = -4688 - g. Is y a composite number?
False
Let v = -8291 + 5104. Let o = v + 4826. Is o prime?
False
Let s(l) = 4*l**2 + 14*l + 23. Let m be s(-2). Let f(p) = -8*p**2 + 14*p - 17. Let q(w) = -w + 1. Let r(i) = -f(i) + 4*q(i). Is r(m) prime?
False
Suppose -14*u - 6791 = 5907. Let f = u + 1128. Is f prime?
False
Let o(x) = 3*x**2 + 60*x + 21. Let n be o(-20). Is (-7)/(n/(-7116)) + (1 - 2) prime?
True
Let j(y) = -3*y + 10737. Let m be j(0). Let f = 7411 - m. Let r = -1849 - f. Is r a composite number?
True
Suppose 0 = -9*b - 0*b + 81. Let a be 1 + (8 - b/(-3)). Suppose 5*j = 5*m - 2090, -a = 2*j - 5*j. Is m composite?
True
Suppose 3*q = -19*q + 88. Let l(s) = 2*s**2 - s - 1. Let f be l(-1). Suppose -q*y + 2*y = -8, -5*y = -f*a + 998. Is a a composite number?
False
Let f be -6 + 17 - (0 - -2). Let a(b) = 4*b**3 + 13*b**2 - 11*b - 15. Let h be a(f). Suppose -2*q + h = 3*q. Is q a prime number?
False
Suppose